{"id":27,"date":"2020-04-05T16:24:21","date_gmt":"2020-04-05T16:24:21","guid":{"rendered":"http:\/\/kitaholsteinerufer.de\/?page_id=27"},"modified":"2025-12-11T10:13:39","modified_gmt":"2025-12-11T09:13:39","slug":"helfen-ist-ganz-einfach","status":"publish","type":"page","link":"https:\/\/kitaholsteinerufer.de\/?page_id=27","title":{"rendered":"Helfen ist ganz einfach: Werden Sie Mitglied!"},"content":{"rendered":"\n<div data-wp-interactive=\"core\/file\" class=\"wp-block-file\"><object data-wp-bind--hidden=\"!state.hasPdfPreview\" hidden class=\"wp-block-file__embed\" data=\"http:\/\/kitaholsteinerufer.de\/wp-content\/uploads\/2025\/12\/2025_Beitrittserklaerung-des-Foerdervereins.pdf\" type=\"application\/pdf\" style=\"width:100%;height:200px\" aria-label=\"Einbettung von Beitrittserklaerung.\"><\/object><a id=\"wp-block-file--media-1de0f815-f9d6-4a3b-b088-d3a10985c119\" href=\"http:\/\/kitaholsteinerufer.de\/wp-content\/uploads\/2025\/12\/2025_Beitrittserklaerung-des-Foerdervereins.pdf\">Beitrittserklaerung<\/a><a href=\"http:\/\/kitaholsteinerufer.de\/wp-content\/uploads\/2025\/12\/2025_Beitrittserklaerung-des-Foerdervereins.pdf\" class=\"wp-block-file__button wp-element-button\" download aria-describedby=\"wp-block-file--media-1de0f815-f9d6-4a3b-b088-d3a10985c119\">Herunterladen<\/a><\/div>\n\n\n\n<p><strong>Werden Sie Mitglied! <br><\/strong>Den Mitgliedsantrag k\u00f6nnen Sie hier downloaden oder in der Kita im Eingangsbereich als Flyer mitnehmen.<\/p>\n\n\n\n<p>Bereits mit einem Mindestbeitrag von 15\u20ac pro Jahr sind Sie dabei und helfen mit. <br>Wir freuen uns nat\u00fcrlich auch \u00fcber h\u00f6here Beitr\u00e4ge. Oder Sie t\u00e4tigen Einzelspenden auf das Konto des F\u00f6rdervereins, um gezielt besondere Projekte oder Anliegen ihrer Gruppe zu f\u00f6rdern.<\/p>\n\n\n\n<p>Arbeiten Sie in einem gro\u00dfen Unternehmen, das F\u00f6rdert\u00f6pfe f\u00fcr gemeinn\u00fctzige Projekte f\u00fchrt? <br>Wir w\u00fcrden uns sehr \u00fcber eine Meldung dar\u00fcber freuen.<\/p>\n\n\n\n<p>Mehrmals im Jahr nimmt der F\u00f6rderverein an Kitaveranstaltungen teil. <\/p>\n\n\n\n<p>Helfen k\u00f6nnen Sie auch ganz leicht und unkompliziert mit Kuchenspenden f\u00fcr unsere St\u00e4nde oder Sachspenden f\u00fcr die Gruppen oder zur Gestaltung des zentralen Kitagartens.<\/p>\n\n\n\n<p>Entscheiden Sie selbst, was f\u00fcr Sie das richtige ist. <\/p>\n\n\n\n<p><strong>Unsere Kontoverbindung:<\/strong><br>Freunde und F\u00f6rderer der Kita Holsteiner Ufer e.V.<br><strong>Bank<\/strong>: Deutsche Skatbank <br><strong>IBAN:<\/strong> DE03 8306 5408 0006 8621 60<br><strong>BIC<\/strong>: GENO DEF1 SLR<\/p>\n\n\n\n<p>Wenn Sie Anregungen und Fragen haben oder die Unterst\u00fctzung des Vereins ben\u00f6tigen, wenden Sie sich bitte per E-Mail an <a href=\"mailto:freundederkitaholsteinerufer@gmx.de\">freundederkitaholsteinerufer@gmx.de<\/a>, schriftlich (unser Briefkasten befindet sich im Treppenaufgang der Kita) oder pers\u00f6nlich an uns.<\/p>\n\n\n\n<figure class=\"wp-block-table is-style-stripes\"><table class=\"has-fixed-layout\"><thead><tr><th class=\"has-text-align-left\" data-align=\"left\">Ihr Vorstand:<\/th><th><\/th><\/tr><\/thead><tbody><tr><td class=\"has-text-align-left\" data-align=\"left\"><strong>1. Vorsitzende<\/strong><\/td><td>Nina Krebs<\/td><\/tr><tr><td class=\"has-text-align-left\" data-align=\"left\"><strong>2. Vorsitzende<\/strong><\/td><td>Zeynep Erg\u00fcn<\/td><\/tr><tr><td class=\"has-text-align-left\" data-align=\"left\"><strong>Schatzmeisterin<\/strong><\/td><td>Marjorie Sabet<\/td><\/tr><tr><td class=\"has-text-align-left\" data-align=\"left\"><strong>Schriftf\u00fchrerin<\/strong><\/td><td>Laura Deichm\u00fcller<\/td><\/tr><\/tbody><\/table><\/figure>\n","protected":false},"excerpt":{"rendered":"<p>Werden Sie Mitglied! Den Mitgliedsantrag k\u00f6nnen Sie hier downloaden oder in der Kita im Eingangsbereich als Flyer mitnehmen. Bereits mit einem Mindestbeitrag von 15\u20ac pro Jahr sind Sie dabei und helfen mit. Wir freuen uns nat\u00fcrlich auch \u00fcber h\u00f6here Beitr\u00e4ge. Oder Sie t\u00e4tigen Einzelspenden auf das Konto des F\u00f6rdervereins, um gezielt besondere Projekte oder Anliegen &hellip; <\/p>\n<p class=\"link-more\"><a href=\"https:\/\/kitaholsteinerufer.de\/?page_id=27\" class=\"more-link\"><span class=\"screen-reader-text\">\u201eHelfen ist ganz einfach: Werden Sie Mitglied!\u201c <\/span>weiterlesen<\/a><\/p>\n","protected":false},"author":1,"featured_media":0,"parent":0,"menu_order":0,"comment_status":"closed","ping_status":"closed","template":"","meta":{"footnotes":""},"class_list":["post-27","page","type-page","status-publish","hentry"],"_links":{"self":[{"href":"https:\/\/kitaholsteinerufer.de\/index.php?rest_route=\/wp\/v2\/pages\/27","targetHints":{"allow":["GET"]}}],"collection":[{"href":"https:\/\/kitaholsteinerufer.de\/index.php?rest_route=\/wp\/v2\/pages"}],"about":[{"href":"https:\/\/kitaholsteinerufer.de\/index.php?rest_route=\/wp\/v2\/types\/page"}],"author":[{"embeddable":true,"href":"https:\/\/kitaholsteinerufer.de\/index.php?rest_route=\/wp\/v2\/users\/1"}],"replies":[{"embeddable":true,"href":"https:\/\/kitaholsteinerufer.de\/index.php?rest_route=%2Fwp%2Fv2%2Fcomments&post=27"}],"version-history":[{"count":14,"href":"https:\/\/kitaholsteinerufer.de\/index.php?rest_route=\/wp\/v2\/pages\/27\/revisions"}],"predecessor-version":[{"id":215,"href":"https:\/\/kitaholsteinerufer.de\/index.php?rest_route=\/wp\/v2\/pages\/27\/revisions\/215"}],"wp:attachment":[{"href":"https:\/\/kitaholsteinerufer.de\/index.php?rest_route=%2Fwp%2Fv2%2Fmedia&parent=27"}],"curies":[{"name":"wp","href":"https:\/\/api.w.org\/{rel}","templated":true}]}}