{"id":9,"date":"2020-04-03T18:42:02","date_gmt":"2020-04-03T18:42:02","guid":{"rendered":"http:\/\/kitaholsteinerufer.de\/?page_id=9"},"modified":"2024-07-25T11:24:34","modified_gmt":"2024-07-25T11:24:34","slug":"warum-gibt-es-uns","status":"publish","type":"page","link":"https:\/\/kitaholsteinerufer.de\/?page_id=9","title":{"rendered":"Warum gibt es uns"},"content":{"rendered":"\n<p>Die \u00f6ffentlichen Mittel f\u00fcr Kindertagesst\u00e4tten lassen dem Kindergarten wenige M\u00f6glichkeiten zu, seine eigenen Ideen und W\u00fcnsche zu realisieren.<br>Die freigegebenen Mittel von der \u201e\u00f6ffentlichen Hand\u201c sind generell zweckgebunden und werden nur f\u00fcr Umbauma\u00dfnahmen, Erneuerungen und kaum f\u00fcr Aktionen innerhalb des gesetzlichen Mindestanspruchs erf\u00fcllt.<br>Dem Tr\u00e4ger steht ebenfalls nur\u00a0ein bestimmter finanzieller Rahmen f\u00fcr die Kindertagesst\u00e4tte zur Verf\u00fcgung.\u00a0<\/p>\n\n\n\n<p>Wir als\u00a0F\u00f6rderverein k\u00f6nnen finanzielle Mittel von Firmen, \u00f6ffentlichen Einrichtungen und Privatpersonen annehmen und entsprechende Spendenbescheinigungen ausstellen. Diese Gelder sind nur f\u00fcr den Kindergarten bestimmt. <br>Die Spenden k\u00f6nnen auch zweckgebunden erfolgen, z.B. f\u00fcr Pflanzen im Garten oder die Neugestaltung eines Gruppenraumes. Der F\u00f6rderverein nimmt die Spende entgegen, kauft die Pflanzen und kann eine Spendenquittung ausstellen.\u00a0\u00a0<\/p>\n","protected":false},"excerpt":{"rendered":"<p>Die \u00f6ffentlichen Mittel f\u00fcr Kindertagesst\u00e4tten lassen dem Kindergarten wenige M\u00f6glichkeiten zu, seine eigenen Ideen und W\u00fcnsche zu realisieren.Die freigegebenen Mittel von der \u201e\u00f6ffentlichen Hand\u201c sind generell zweckgebunden und werden nur f\u00fcr Umbauma\u00dfnahmen, Erneuerungen und kaum f\u00fcr Aktionen innerhalb des gesetzlichen Mindestanspruchs erf\u00fcllt.Dem Tr\u00e4ger steht ebenfalls nur\u00a0ein bestimmter finanzieller Rahmen f\u00fcr die Kindertagesst\u00e4tte zur Verf\u00fcgung.\u00a0 Wir &hellip; <\/p>\n<p class=\"link-more\"><a href=\"https:\/\/kitaholsteinerufer.de\/?page_id=9\" class=\"more-link\"><span class=\"screen-reader-text\">\u201eWarum gibt es uns\u201c <\/span>weiterlesen<\/a><\/p>\n","protected":false},"author":1,"featured_media":0,"parent":0,"menu_order":0,"comment_status":"closed","ping_status":"closed","template":"","meta":{"footnotes":""},"class_list":["post-9","page","type-page","status-publish","hentry"],"_links":{"self":[{"href":"https:\/\/kitaholsteinerufer.de\/index.php?rest_route=\/wp\/v2\/pages\/9","targetHints":{"allow":["GET"]}}],"collection":[{"href":"https:\/\/kitaholsteinerufer.de\/index.php?rest_route=\/wp\/v2\/pages"}],"about":[{"href":"https:\/\/kitaholsteinerufer.de\/index.php?rest_route=\/wp\/v2\/types\/page"}],"author":[{"embeddable":true,"href":"https:\/\/kitaholsteinerufer.de\/index.php?rest_route=\/wp\/v2\/users\/1"}],"replies":[{"embeddable":true,"href":"https:\/\/kitaholsteinerufer.de\/index.php?rest_route=%2Fwp%2Fv2%2Fcomments&post=9"}],"version-history":[{"count":4,"href":"https:\/\/kitaholsteinerufer.de\/index.php?rest_route=\/wp\/v2\/pages\/9\/revisions"}],"predecessor-version":[{"id":150,"href":"https:\/\/kitaholsteinerufer.de\/index.php?rest_route=\/wp\/v2\/pages\/9\/revisions\/150"}],"wp:attachment":[{"href":"https:\/\/kitaholsteinerufer.de\/index.php?rest_route=%2Fwp%2Fv2%2Fmedia&parent=9"}],"curies":[{"name":"wp","href":"https:\/\/api.w.org\/{rel}","templated":true}]}}